t w be s(y). Let k(p) = p**3 - p**2 - 3*p + 2. Determine k(w).
0
Suppose 2*z = 53 - 143. Let y = z - -53. Let m(w) = 6 - 1 + 12 + w - 2*w. Determine m(y).
9
Suppose -4*m = 4*q - 24, -17 = -4*m + q + 7. Let i(o) = -o**3 + 7*o**2 - 12*o + 37. What is i(m)?
1
Suppose 39 = 93*i - 96*i. Let l(p) be the second derivative of -p**5/20 - p**4 + 13*p**3/6 - 11*p**2/2 - 126*p. What is l(i)?
-11
Let t(p) be the second derivative of p**4/24 - p**3 - 8*p**2 - 4*p - 2. Let u(l) be the first derivative of t(l). What is u(0)?
-6
Let z be (102 + -27)*(-10)/(-6). Let r(y) = -6*y**2 + 64 - z + 58. Give r(3).
-57
Let j(o) = o - 40. Suppose 5*g + 7*t - 10*t = -2754, 0 = g + t + 546. Let c = 549 + g. Give j(c).
-40
Let d = -35 + 39. Let i be (2 - 1)/(d/2112*3). Let b(r) = -5 + 175*r - i*r + 12. Calculate b(8).
-1
Suppose f = 2*f - 2. Let l(n) = -165*n - 324. Let v be l(-2). Let j(c) = c - 4 + v + 0*c + f. Determine j(-7).
-3
Let h be 225/20 - 9/(-12). Let r(i) = 0 - 10 + 13*i + 11*i**2 - h*i**2. Calculate r(12).
2
Let m(s) = 2*s**2 + s. Let g(h) = 3*h**2 - 2*h + 5. Let l(q) = g(q) - 2*m(q). Let v = 26 - 22. Suppose -3*y + 8*y = -v*b - 20, 0 = -5*b - 5*y - 25. Give l(b).
0
Suppose -2*p + p + 10 = 2*y, 0 = 2*p + y - 8. Let v(z) = -7 + z**3 - 18 + 12*z + 14*z**p + 13. What is v(-13)?
1
Let r(b) = 354*b - b**2 - 784*b + 411*b + 8. Calculate r(-20).
-12
Let w(i) = i**2 + 7*i + 10. Let c(n) = n + 81. Let b be c(-15). Suppose b*y = 69*y + 21. Give w(y).
10
Let l(m) be the second derivative of -m**4/12 - m**3/6 + m**2 + 332*m. Let v be (-3)/9*(-6)/2. Suppose -v = -y - 3. Determine l(y).
0
Let c = -3730 - -3715. Let u(j) = j**2 + 15*j + 13. What is u(c)?
13
Let v(b) be the third derivative of -b**7/840 + b**6/360 + b**5/120 - 19*b**3/2 - 14*b**2. Let r(a) be the first derivative of v(a). What is r(-2)?
10
Let r(j) = -4*j**3 + 11*j**2 - 7*j - 1. Suppose -36*p - 10 = -33*p + 4*f, p + 18 = -5*f. What is r(p)?
-3
Let p(n) = -n**2 + 20*n - 28. Let w be (-121)/1089 - (-380)/18. Give p(w).
-49
Let k = -46 - -2. Let b be 5/(-35) - k/14. Let v(a) = -8*a**2 + 6*a. Let i(p) = -14*p**2 + 11*p + 1. Let m(l) = -3*i(l) + 5*v(l). Determine m(b).
6
Let w(x) = -x**2 + 1. Let p = -238 + 234. What is w(p)?
-15
Let o(b) = b**3 - 12*b**2 + 2*b - 19. Suppose 4*u - 300 = -0*u. Suppose 0 = 4*w - l - 51, 5*w - u = 5*l - 0*l. Let s be o(w). Let z(j) = -j**2 + 4*j. Give z(s).
-5
Let o = -790 - -792. Let q(u) = -6 - u**o - 16 - u + 2 - 10. What is q(0)?
-30
Let i(v) = -v - 12. Let t(n) = -69*n - 12 + 135*n - 67*n. Let k(h) = -4*i(h) + 5*t(h). Let l(o) = -o - 15. Let r be l(-6). Determine k(r).
-3
Let t = 579 - 577. Let o(c) = 60*c**2 - 124*c + 2. Let u be o(t). Let l(k) = 2*k**2 + 4*k**2 + 9 - 5*k**2 + 9*k. Calculate l(u).
-9
Let j = 100 + -101. Let u be (8/6)/(j + (-5)/(-3)). Let w(p) be the second derivative of 2*p**3/3 + p**2 - 5*p. Give w(u).
10
Let o(s) be the first derivative of 17*s**2 + 16*s - 755. Give o(-6).
-188
Let x(b) be the third derivative of -b**4/6 + 11*b**3/2 - 2131*b**2. Determine x(-7).
61
Let v(d) = -451*d + 11270. Let c be v(25). Let k(j) = 8*j + 43. Calculate k(c).
3
Let r = 3572 - 3572. Let x(h) = 57*h - 4. Calculate x(r).
-4
Let n(j) = -j**3 - 5*j**2 + 5*j - 4. Let g be 4/6 + (-52)/6. Let d(y) = -2 + 0*y**2 + 8*y - 6 + y**2 + 2. Let s be d(g). Determine n(s).
2
Suppose m = -m + 10. Let c(h) = 3427*h + 5. Let z(w) = -7997*w - 10. Let o(g) = 7*c(g) + 3*z(g). Calculate o(m).
-5
Let c(v) be the third derivative of v**5/20 + 11*v**4/8 + 17*v**3/3 + 3*v**2 - 2*v + 88. Determine c(-1).
4
Let q be 1140/(-608)*(-96)/20. Let v(c) = c**2 - 18*c + 9. Give v(q).
-72
Suppose -14*v + 4163 = 4093. Let k(q) = -q**3 + 5*q**2 + 2*q - 7. Calculate k(v).
3
Let z(j) = -j**3 - 13 - 3 + 32*j - 1 - 25*j - 12*j - 18*j**2. Calculate z(-18).
73
Let x be ((-277)/2)/(3/(-6)). Suppose 4*u - 4*n - 280 = 0, -5*u + 3*n = -u - x. Suppose 2*w = -u + 65. Let j(i) = 10*i + 1. Give j(w).
-9
Let b be ((-252)/45)/(-14) + 1/(-15). Let c(k) be the third derivative of 0 + 0*k + 26*k**2 - b*k**3 - 1/12*k**4. Calculate c(-5).
8
Let a(i) = i**2 - 32*i + 147. Let r(n) = n**2 - 31*n + 157. Let t(d) = 2*a(d) - 3*r(d). Give t(19).
13
Let a be (-96)/(-50) - (-76)/950. Let s(b) = 5 + 4 - 6 + b**3 + 31*b**a - 30*b**2. What is s(-3)?
-15
Let r = 192 + -190. Let k(p) = -2*p**r - 1266 + 1262 + 2*p + 0*p**2 - 3*p. Calculate k(-3).
-19
Let d be (-6)/8*(0 + 4). Let j be (-3 + 0/(-6))*4/(-6). Let g(s) = -95*s**2 - 3*s + 3 + 39*s**j + 5*s + 55*s**2. Give g(d).
-12
Let a(x) be the second derivative of x**3/6 - 3*x**2 + 25*x - 53. What is a(7)?
1
Suppose 0 = -11*k + 13*k - 92. Let t = k - 35. Suppose 3*i - t*i + 32 = 0. Let m(r) = -r + 2. Give m(i).
-2
Let n(m) = 7*m + 18. Let h(b) = -10*b - 26. Let t(c) = -5*h(c) - 7*n(c). Let z be 6 - (14/(-2) - -4). Determine t(z).
13
Let l(j) = 59*j**2 - 59*j - 128. Let f(s) = 7*s**2 - 7*s - 16. Let c(v) = 17*f(v) - 2*l(v). Calculate c(6).
14
Let u(h) be the third derivative of -h**5/120 + h**4/6 + 145*h**3/6 + 9*h**2. Let n(t) be the first derivative of u(t). Determine n(6).
-2
Let k(t) = t + 28. Let y(f) = -20 + 10 + 7 + 0 + 11. Let b(l) = -k(l) + 4*y(l). What is b(-2)?
6
Let y(x) = x**2 - 2*x + 33. Suppose 4*j + 8 = -5*k + 3, -2*j - 4 = 4*k. Let d be y(j). Let v = 35 - d. Let w(q) = -q**3 + 2*q**2 - 4*q + 3. Determine w(v).
-5
Let f(o) be the first derivative of -o**5/20 + o**4/4 + 4*o**3/3 + 5*o**2/2 - 94*o - 151. Let d(y) be the first derivative of f(y). Determine d(5).
-5
Let h be 2 + -1 - -1*8. Let f be ((70/21)/(-5))/(4/(-114)). Let a(q) = 26*q - 13 + q**2 - 53*q + f*q. Calculate a(h).
-4
Let n(g) = g**3 - 9*g**2 + g - 19. Let a(h) = -130*h - 4412. Let i be a(-34). Give n(i).
-75
Suppose -385 + 28 = 51*j. Let a(t) = t**3 + 9*t**2 + 17*t + 20. What is a(j)?
-1
Suppose 2*k + 1268 = 4*b + 7*k, -4*k - 1585 = -5*b. Let y(q) = 0 + b*q - 318*q - 2. Calculate y(-7).
5
Suppose 0*o - 5*o = -35. Let c(l) = 3*l - 40879 + l + 20417 + 20435. What is c(o)?
1
Let l(d) = -2*d**2 - 2*d. Suppose 7*w = 6*w + 4*a - 16, -48 = 3*w + 4*a. Let z(p) = -p**3 - 17*p**2 - 20*p - 9. Let m be z(w). Let f = m + -53. Determine l(f).
-12
Let l(z) = -z + 13. Let t be 52/(-39)*21/(-4). What is l(t)?
6
Suppose -2*t - 2*o = -4, -2 = -3*t + 5*o - 4. Let f(q) be the first derivative of -29*q**4/4 - 7102. Give f(t).
-29
Let b(s) = -2*s**2 + 8*s + 2. Suppose 10*t - 9*t - 17 = -5*n, 0 = 2*n + 4*t + 4. Calculate b(n).
2
Let c be -18 + 20 - 3*2. Let l(n) = 5*n + 17. Let k(x) = x. Let v(u) = c*k(u) + l(u). Calculate v(-10).
7
Let g(z) = -31*z**2 + 1429 + 14*z + 1435 - 2891. Let h(v) = 9*v**2 - 5*v + 9. Let w(n) = -2*g(n) - 7*h(n). Give w(6).
-3
Let a(r) = -r**3 - 3*r**2 + 4*r + 9. Let y be a(-4). Suppose -52 = -y*o + 2. Suppose 0 = -o*d - 1 - 5. Let p(m) = 4*m**2 + 2*m + 1. Calculate p(d).
3
Let f(m) = m**2 + 9*m + 4. Let s be (5/15)/(((-354)/(-45) + -8)/4). Give f(s).
14
Let l(m) = 27*m + 76. Let h = -7478 - -7475. Calculate l(h).
-5
Suppose 64 - 56 = -4*u. Let k be 15 - 13 - 1*6/u. Let g(x) = -6 - 5 - 5*x + x**2 - k - 4*x. What is g(11)?
6
Let h be 10/4*(-7)/(70/(-8)). Suppose 3*v + 5*q - 9 = 0, 3*v - h*q - 2*q - 9 = 0. Let m(s) = 2*s - 4*s - v - 1 + 3*s. What is m(6)?
2
Let m(s) = -3*s**2 - 7*s - 12. Let x(c) = 16*c**2 + 34*c + 59. Let v(r) = 11*m(r) + 2*x(r). Let w = -260461 + 260455. Calculate v(w).
4
Let a(h) = 1 + 14*h - 20702*h**2 - 20700*h**2 + 41396*h**2. What is a(2)?
5
Let f(x) = 2*x. Let m(n) = -135*n - 137*n + 276*n - 70. Let v be m(16). Calculate f(v).
-12
Let v = -2618 + 2615. Let m(j) = 3*j + 5*j**2 - 2*j + 3 - 6*j**2. Give m(v).
-9
Let i(n) = 9*n**2 - 51*n + 63. Let d be i(4). Let x(p) = 3*p + 16. What is x(d)?
25
Let r(m) = -1. Let y(s) = 7*s - 42. Let n(p) = -42*r(p) + y(p). Let u(t) = t**2 + 95*t + 1499. Let f be u(-20). Calculate n(f).
-7
Let h(c) = 2*c - 10. Let w be (11 - 591)*(-2)/5. Let r = w - 241. Determine h(r).
-28
Let r = -1287 - -1277. Let j(y) = -y - 14. What is j(r)?
-4
Let x(n) = -20*n**3 - 2*n**2 + 14*n + 29. Let r(i) = 7*i**3 + i**2 - 5*i - 10. Let y(s) = 17*r(s) + 6*x(s). Let v be (5/((-75)/30))/(19/(-38)). Determine y(v).
16
Let x(m) = -m**2 + 27*m + 164. Let s be x(32). Let l(d) = -9*d + 26. Determine l(s).
-10
Let a(c) = -6*c + 16. Suppose -14*w + 0 - 28 = -56. Calculate a(w).
4
Let q(m) = -8*m*